{"id":355,"date":"2015-05-10T05:40:00","date_gmt":"2015-05-10T04:40:00","guid":{"rendered":"http:\/\/gastropraxis-rheinberg.de\/g\/?page_id=355"},"modified":"2019-07-13T17:30:59","modified_gmt":"2019-07-13T16:30:59","slug":"technik-hygiene","status":"publish","type":"page","link":"https:\/\/gastropraxis-rheinberg.de\/?page_id=355","title":{"rendered":"Technik &#038; Hygiene"},"content":{"rendered":"<div class=\"fusion-fullwidth fullwidth-box fusion-builder-row-1 hundred-percent-fullwidth non-hundred-percent-height-scrolling\" style=\"--awb-border-radius-top-left:0px;--awb-border-radius-top-right:0px;--awb-border-radius-bottom-right:0px;--awb-border-radius-bottom-left:0px;--awb-overflow:visible;--awb-flex-wrap:wrap;\" ><div class=\"fusion-builder-row fusion-row\"><div class=\"fusion-layout-column fusion_builder_column fusion-builder-column-0 fusion_builder_column_1_1 1_1 fusion-one-full fusion-column-first fusion-column-last\" style=\"--awb-bg-size:cover;\"><div class=\"fusion-column-wrapper fusion-flex-column-wrapper-legacy\"><div class=\"fusion-title title fusion-title-1 fusion-title-text fusion-title-size-two\" style=\"--awb-margin-top-small:0px;--awb-margin-right-small:0px;--awb-margin-bottom-small:20px;--awb-margin-left-small:0px;\"><h2 class=\"fusion-title-heading title-heading-left\" style=\"margin:0;\"><span style=\"color: #b1c903;\"><strong>Technik &amp; Hygiene<\/strong><\/span><\/h2><span class=\"awb-title-spacer\"><\/span><div class=\"title-sep-container\"><div class=\"title-sep sep-double sep-solid\" style=\"border-color:#e0dede;\"><\/div><\/div><\/div><div class=\"fusion-text fusion-text-1\"><p>In unseren beiden gro\u00dfz\u00fcgigen Endoskopier\u00e4umen untersuchen wir mit <strong>HDTV-Technologie,<\/strong> also mit h\u00f6chster Bildaufl\u00f6sung. Modernste Endoskope erm\u00f6glichen es, auch kleinste Ver\u00e4nderungen zu erkennen. Wir verf\u00fcgen \u00fcber ein Zoom-Gastroskop, welches mit 135facher Vergr\u00f6\u00dferung mikroskopisch kleine Schleimhautentartungen z. B. in der unteren Speiser\u00f6hre, dem s\u00e4urebedingten Barrett-\u00d6sophagus sichtbar machen kann. Durch digitale Bildbearbeitung w\u00e4hrend der Untersuchung, der sogenannten \u201e<strong>virtuellen Chromoendoskopie<\/strong>\u201c, k\u00f6nnen zus\u00e4tzlich geringe Oberfl\u00e4chenver\u00e4nderungen erkennbar werden. Insbesondere bei chronisch entz\u00fcndlichen Darmerkrankungen mit stark ver\u00e4nderter Schleimhaut k\u00f6nnen damit fr\u00fche Entartungstendenzen entdeckt werden. Genauso aber hilft diese Technik bei der Unterscheidung von gut- und b\u00f6sartigen Polypen (Gewebsgeschwulste) im Darm.<br \/>\nDurch Installation von <strong>CO2<\/strong>-Anlagen entfalten wir den Darm statt mit normaler Raumluft mit dem Gas CO2, welches durch die Darmwand resorbiert, d. h. aufgenommen werden kann, so dass die oft als st\u00f6rend oder schmerzhaft empfunden Bl\u00e4hgef\u00fchle stark reduziert werden, meist sogar ganz entfallen. In unseren <strong>Aufwachr\u00e4umen<\/strong> haben Sie eine Einzelkabine mit Garderobe und eigenem Waschraum incl. Toilette zur Verf\u00fcgung. Trotzdem ist die zentrale Monitor-\u00dcberwachung mit Blutdruck-, Puls-, EKG und Atmungskontrolle wie auf einer Intensivstation m\u00f6glich.<\/p>\n<p>Die Reinigung der Endoskope erfolgt nach den Richtlinien des Robert-Koch-Institutes und erf\u00fcllt strengste <strong>Hygienekriterien<\/strong>. Die Qualit\u00e4t der Aufbereitung wird alle 3 Monate von unabh\u00e4ngigen und wechselnden Hygieninstituten \u00fcberpr\u00fcft, die von der Kassen\u00e4rztlichen Vereinigung beauftragt werden, in keinerlei Beziehung zu unserer Praxis stehen und unangemeldet kontrollieren k\u00f6nnen. Stets wurde die Keimfreiheit unserer Endoskope ohne Beanstandung nachgewiesen.<\/p>\n<\/div><div class=\"fusion-clearfix\"><\/div><\/div><\/div><div class=\"fusion-layout-column fusion_builder_column fusion-builder-column-1 fusion_builder_column_1_1 1_1 fusion-one-full fusion-column-first fusion-column-last fusion-column-no-min-height\" style=\"--awb-bg-size:cover;--awb-margin-bottom:0px;\"><div class=\"fusion-column-wrapper fusion-flex-column-wrapper-legacy\"><div class=\"fusion-sep-clear\"><\/div><div class=\"fusion-separator fusion-full-width-sep\" style=\"margin-left: auto;margin-right: auto;margin-top:15px;margin-bottom:15px;width:100%;\"><\/div><div class=\"fusion-sep-clear\"><\/div><div class=\"fusion-clearfix\"><\/div><\/div><\/div><div class=\"fusion-layout-column fusion_builder_column fusion-builder-column-2 fusion_builder_column_1_1 1_1 fusion-one-full fusion-column-first fusion-column-last fusion-column-no-min-height\" style=\"--awb-bg-size:cover;--awb-margin-bottom:0px;\"><div class=\"fusion-column-wrapper fusion-flex-column-wrapper-legacy\"><div class=\"fusion-title title fusion-title-2 fusion-title-text fusion-title-size-two\" style=\"--awb-margin-top-small:0px;--awb-margin-right-small:0px;--awb-margin-bottom-small:20px;--awb-margin-left-small:0px;\"><h2 class=\"fusion-title-heading title-heading-left\" style=\"margin:0;\"><span style=\"color: #b1c903;\"><strong>Technik in Bildern<\/strong><\/span><\/h2><span class=\"awb-title-spacer\"><\/span><div class=\"title-sep-container\"><div class=\"title-sep sep-double sep-solid\" style=\"border-color:#e0dede;\"><\/div><\/div><\/div><div class=\"fusion-clearfix\"><\/div><\/div><\/div><div class=\"fusion-layout-column fusion_builder_column fusion-builder-column-3 fusion_builder_column_1_4 1_4 fusion-one-fourth fusion-column-first\" style=\"--awb-bg-size:cover;width:22%; margin-right: 4%;\"><div class=\"fusion-column-wrapper fusion-flex-column-wrapper-legacy\"><div class=\"fusion-image-element in-legacy-container\" style=\"--awb-caption-title-font-family:var(--h2_typography-font-family);--awb-caption-title-font-weight:var(--h2_typography-font-weight);--awb-caption-title-font-style:var(--h2_typography-font-style);--awb-caption-title-size:var(--h2_typography-font-size);--awb-caption-title-transform:var(--h2_typography-text-transform);--awb-caption-title-line-height:var(--h2_typography-line-height);--awb-caption-title-letter-spacing:var(--h2_typography-letter-spacing);\"><span class=\" fusion-imageframe imageframe-none imageframe-1 hover-type-none\"><img decoding=\"async\" width=\"600\" height=\"400\" title=\"IMG_0948\" src=\"https:\/\/gastropraxis-rheinberg.de\/wp-content\/uploads\/2015\/07\/IMG_0948.jpg\" alt class=\"img-responsive wp-image-1004\" srcset=\"https:\/\/gastropraxis-rheinberg.de\/wp-content\/uploads\/2015\/07\/IMG_0948-300x200.jpg 300w, https:\/\/gastropraxis-rheinberg.de\/wp-content\/uploads\/2015\/07\/IMG_0948.jpg 600w\" sizes=\"(max-width: 600px) 100vw, 600px\" \/><\/span><\/div><div class=\"fusion-clearfix\"><\/div><\/div><\/div><div class=\"fusion-layout-column fusion_builder_column fusion-builder-column-4 fusion_builder_column_1_4 1_4 fusion-one-fourth\" style=\"--awb-bg-size:cover;width:22%; margin-right: 4%;\"><div class=\"fusion-column-wrapper fusion-flex-column-wrapper-legacy\"><div class=\"fusion-image-element in-legacy-container\" style=\"--awb-caption-title-font-family:var(--h2_typography-font-family);--awb-caption-title-font-weight:var(--h2_typography-font-weight);--awb-caption-title-font-style:var(--h2_typography-font-style);--awb-caption-title-size:var(--h2_typography-font-size);--awb-caption-title-transform:var(--h2_typography-text-transform);--awb-caption-title-line-height:var(--h2_typography-line-height);--awb-caption-title-letter-spacing:var(--h2_typography-letter-spacing);\"><span class=\" fusion-imageframe imageframe-none imageframe-2 hover-type-none\"><img decoding=\"async\" width=\"700\" height=\"467\" title=\"IMG_7923\" src=\"https:\/\/gastropraxis-rheinberg.de\/wp-content\/uploads\/2015\/11\/IMG_7923.jpg\" alt class=\"img-responsive wp-image-1164\" srcset=\"https:\/\/gastropraxis-rheinberg.de\/wp-content\/uploads\/2015\/11\/IMG_7923-300x200.jpg 300w, https:\/\/gastropraxis-rheinberg.de\/wp-content\/uploads\/2015\/11\/IMG_7923.jpg 700w\" sizes=\"(max-width: 700px) 100vw, 700px\" \/><\/span><\/div><div class=\"fusion-clearfix\"><\/div><\/div><\/div><div class=\"fusion-layout-column fusion_builder_column fusion-builder-column-5 fusion_builder_column_1_4 1_4 fusion-one-fourth\" style=\"--awb-bg-size:cover;width:22%; margin-right: 4%;\"><div class=\"fusion-column-wrapper fusion-flex-column-wrapper-legacy\"><div class=\"fusion-image-element in-legacy-container\" style=\"--awb-caption-title-font-family:var(--h2_typography-font-family);--awb-caption-title-font-weight:var(--h2_typography-font-weight);--awb-caption-title-font-style:var(--h2_typography-font-style);--awb-caption-title-size:var(--h2_typography-font-size);--awb-caption-title-transform:var(--h2_typography-text-transform);--awb-caption-title-line-height:var(--h2_typography-line-height);--awb-caption-title-letter-spacing:var(--h2_typography-letter-spacing);\"><span class=\" fusion-imageframe imageframe-none imageframe-3 hover-type-none\"><img decoding=\"async\" width=\"600\" height=\"338\" title=\"IMG_0930-2\" src=\"https:\/\/gastropraxis-rheinberg.de\/wp-content\/uploads\/2015\/05\/IMG_0930-2.jpg\" alt class=\"img-responsive wp-image-1011\" srcset=\"https:\/\/gastropraxis-rheinberg.de\/wp-content\/uploads\/2015\/05\/IMG_0930-2-300x169.jpg 300w, https:\/\/gastropraxis-rheinberg.de\/wp-content\/uploads\/2015\/05\/IMG_0930-2.jpg 600w\" sizes=\"(max-width: 600px) 100vw, 600px\" \/><\/span><\/div><div class=\"fusion-clearfix\"><\/div><\/div><\/div><div class=\"fusion-layout-column fusion_builder_column fusion-builder-column-6 fusion_builder_column_1_4 1_4 fusion-one-fourth fusion-column-last\" style=\"--awb-bg-size:cover;width:22%;\"><div class=\"fusion-column-wrapper fusion-flex-column-wrapper-legacy\"><div class=\"fusion-image-element in-legacy-container\" style=\"--awb-caption-title-font-family:var(--h2_typography-font-family);--awb-caption-title-font-weight:var(--h2_typography-font-weight);--awb-caption-title-font-style:var(--h2_typography-font-style);--awb-caption-title-size:var(--h2_typography-font-size);--awb-caption-title-transform:var(--h2_typography-text-transform);--awb-caption-title-line-height:var(--h2_typography-line-height);--awb-caption-title-letter-spacing:var(--h2_typography-letter-spacing);\"><span class=\" fusion-imageframe imageframe-none imageframe-4 hover-type-none\"><img decoding=\"async\" width=\"600\" height=\"400\" title=\"IMG_0926\" src=\"https:\/\/gastropraxis-rheinberg.de\/wp-content\/uploads\/2015\/07\/IMG_0926.jpg\" alt class=\"img-responsive wp-image-1001\" srcset=\"https:\/\/gastropraxis-rheinberg.de\/wp-content\/uploads\/2015\/07\/IMG_0926-300x200.jpg 300w, https:\/\/gastropraxis-rheinberg.de\/wp-content\/uploads\/2015\/07\/IMG_0926.jpg 600w\" sizes=\"(max-width: 600px) 100vw, 600px\" \/><\/span><\/div><div class=\"fusion-clearfix\"><\/div><\/div><\/div><\/div><\/div>\n","protected":false},"excerpt":{"rendered":"","protected":false},"author":3,"featured_media":0,"parent":0,"menu_order":0,"comment_status":"closed","ping_status":"closed","template":"","meta":{"_bbp_topic_count":0,"_bbp_reply_count":0,"_bbp_total_topic_count":0,"_bbp_total_reply_count":0,"_bbp_voice_count":0,"_bbp_anonymous_reply_count":0,"_bbp_topic_count_hidden":0,"_bbp_reply_count_hidden":0,"_bbp_forum_subforum_count":0,"footnotes":""},"class_list":["post-355","page","type-page","status-publish","hentry"],"_links":{"self":[{"href":"https:\/\/gastropraxis-rheinberg.de\/index.php?rest_route=\/wp\/v2\/pages\/355","targetHints":{"allow":["GET"]}}],"collection":[{"href":"https:\/\/gastropraxis-rheinberg.de\/index.php?rest_route=\/wp\/v2\/pages"}],"about":[{"href":"https:\/\/gastropraxis-rheinberg.de\/index.php?rest_route=\/wp\/v2\/types\/page"}],"author":[{"embeddable":true,"href":"https:\/\/gastropraxis-rheinberg.de\/index.php?rest_route=\/wp\/v2\/users\/3"}],"replies":[{"embeddable":true,"href":"https:\/\/gastropraxis-rheinberg.de\/index.php?rest_route=%2Fwp%2Fv2%2Fcomments&post=355"}],"version-history":[{"count":21,"href":"https:\/\/gastropraxis-rheinberg.de\/index.php?rest_route=\/wp\/v2\/pages\/355\/revisions"}],"predecessor-version":[{"id":1457,"href":"https:\/\/gastropraxis-rheinberg.de\/index.php?rest_route=\/wp\/v2\/pages\/355\/revisions\/1457"}],"wp:attachment":[{"href":"https:\/\/gastropraxis-rheinberg.de\/index.php?rest_route=%2Fwp%2Fv2%2Fmedia&parent=355"}],"curies":[{"name":"wp","href":"https:\/\/api.w.org\/{rel}","templated":true}]}}